{"id":2053,"date":"2023-12-03T21:32:57","date_gmt":"2023-12-03T20:32:57","guid":{"rendered":"https:\/\/sv.ostschule.de\/web\/?page_id=2053"},"modified":"2024-09-14T11:26:19","modified_gmt":"2024-09-14T09:26:19","slug":"mediennutzung","status":"publish","type":"page","link":"https:\/\/sv.ostschule.de\/web\/mediennutzung\/","title":{"rendered":"Mediennutzungskonzept"},"content":{"rendered":"\n<p>Auf dieser Seite findet ihr alle wichtigen Infos zum Mediennutzungskonzept:<\/p>\n\n\n\n<p><strong>\u00c4nderung vom 24.04.2024:<br><\/strong>Die Nutzung von Smartphones ist in der 1. und 2. Pause f\u00fcr alle Sch\u00fcler*innen untersagt. Wenn ihr euer Handy dringend benutzen m\u00fcsst, fragt eine Lehrkraft um Erlaubnis!<\/p>\n\n\n\n<p>Eine Arbeitsgruppe aus Lehrkr\u00e4ften, Sch\u00fcler*innen und Eltern arbeitet momentan an einer Verbesserung des Konzeptes.<\/p>\n\n\n\n<p>Die erste <strong>Probephase<\/strong> des Konzepts l\u00e4uft seit dem 02. Oktober 2023 und wurde zum 2. Halbjahr evaluiert.<\/p>\n\n\n\n<p>Bitte bedenkt, dass das Konzept haupts\u00e4chlich dazu geschaffen wurde, der digitalen Komponente des Schulalltags gerecht zu werden, da immer mehr Sch\u00fcler*innen digital arbeiten und die Nutzung von z.B. IServ und Untis n\u00f6tig ist. <br><br>Das Konzept ist kein Freifahrtschein in der Schule (besonders im Unterricht) Spiele zu spielen oder Videos zu schauen!<br><br>Es basiert auf Vertrauen und kann bei schlechter Umsetzung schnell wieder abgeschafft werden, sodass wieder absolutes Handyverbot herrschen w\u00fcrde.<\/p>\n\n\n\n<h2 class=\"wp-block-heading\"><strong>Verhaltenskodex<\/strong><\/h2>\n\n\n\n<div class=\"wp-block-columns is-layout-flex wp-container-core-columns-is-layout-9d6595d7 wp-block-columns-is-layout-flex\">\n<div class=\"wp-block-column is-layout-flow wp-block-column-is-layout-flow\">\n<ul class=\"wp-block-list\">\n<li>Wir machen keine Aufnahmen jeglicher Art (Audio, Foto, Video) au\u00dferhalb unterrichtlicher Aufgaben.<\/li>\n\n\n\n<li>Wir halten uns an die Regeln des Jugendmedienschutzgesetzes, z.B. bei Altersbeschr\u00e4nkungen von Spielen, Videos und Apps.<\/li>\n\n\n\n<li>Wir konsumieren keine gewaltverherrlichenden, pers\u00f6nlichkeitsrechtverletzenden oder diskriminierende Medien. Falls sie auftauchen, m\u00fcssen sie sofort einer Lehrkraft gemeldet werden.<br><em><strong>(Seite 9 im Schulplaner)<\/strong><\/em><\/li>\n<\/ul>\n<\/div>\n<\/div>\n\n\n\n<h2 class=\"wp-block-heading\"><strong>Wer darf was?<\/strong><\/h2>\n\n\n\n<p><strong>Jahrgang 5 und 6: <\/strong><br>Handynutzung verboten<br>ab 13:30 Uhr in Ausnahmef\u00e4llen f\u00fcr Absprachen mit den Eltern<\/p>\n\n\n\n<p><strong>Jahrgang 7 und 8: <\/strong><br>Handynutzung erlaubt an folgenden Orten:<br><strong>NICHT<\/strong> in der 1. und 2. Pause<br>Cafeteria, Mediothek<br>ab 13:30 Uhr in Ausnahmef\u00e4llen f\u00fcr Absprachen mit den Eltern<\/p>\n\n\n\n<p><strong>Jahrgang 9 und 10:<\/strong><br>Handynutzung erlaubt an folgenden Orten:<br><strong>NICHT<\/strong> in der 1. und 2. Pause<br>Haus B, Haus C, Cafeteria, Mediothek, Sporthallenmensa (au\u00dfer Mittagspause)<\/p>\n\n\n\n<p><strong>Oberstufe (11-13)<\/strong><br>r\u00e4umlich unbegrenzte Nutzung nach den Regeln des Verhaltenskodex<br><strong>Ausnahmen: <br><\/strong>keine Handynutzung in der 1. und 2. Pause<br>keine Handynutzung w\u00e4hrend der Mittagspause in der Sporthallenmensa<\/p>\n\n\n\n<h2 class=\"wp-block-heading\"><strong>Credits<\/strong><\/h2>\n\n\n\n<p>Das <strong>Konzept<\/strong> wurde ma\u00dfgeblich vom Jugendmedienschutz-Team (<strong>Frau Pohle-Schmidt<\/strong>, <strong>Herr Rieb<\/strong>, <strong>Herr H\u00e4user<\/strong>) in Zusammenarbeit mit der SV erarbeitet. Dabei haben ebenfalls die (damaligen) SV-Verbindungslehrkr\u00e4fte <strong>Herr Duhaz\u00e9<\/strong> und <strong>Herr Agmann<\/strong> eine gro\u00dfe Rolle gespielt.<br><strong>Herr Gregor<\/strong> hat den Multiple-Choice-Test in <strong>Moodle<\/strong> implementiert.<br>Das Konzept wurde anschlie\u00dfend in allen Gremien der Schule diskutiert, optimiert und schlie\u00dflich best\u00e4tigt.<br>An der <strong>Evaluation<\/strong> gearbeitet haben <strong>Lia<\/strong> und <strong>Juri<\/strong> von der SV und von den Lehrkr\u00e4ften ma\u00dfgeblich <strong>Frau Benio<\/strong>, <strong>Herr Styppa-Braun<\/strong> und <strong>Herr Roos<\/strong>.<br>Die Workshops zu sicherer Mediennutzung werden von <strong>Frau Scholz<\/strong> und <strong>Frau Weller<\/strong> erarbeitet und durchgef\u00fchrt.<\/p>\n","protected":false},"excerpt":{"rendered":"<p>Auf dieser Seite findet ihr alle wichtigen Infos zum Mediennutzungskonzept: \u00c4nderung vom 24.04.2024:Die Nutzung von Smartphones ist in der 1. und 2. Pause f\u00fcr alle Sch\u00fcler*innen untersagt. Wenn ihr euer &hellip; <\/p>\n<p class=\"link-more\"><a href=\"https:\/\/sv.ostschule.de\/web\/mediennutzung\/\" class=\"more-link\"><span class=\"screen-reader-text\">\u201eMediennutzungskonzept\u201c<\/span> weiterlesen<\/a><\/p>\n","protected":false},"author":1,"featured_media":0,"parent":0,"menu_order":0,"comment_status":"closed","ping_status":"closed","template":"","meta":{"footnotes":""},"class_list":["post-2053","page","type-page","status-publish","hentry"],"_links":{"self":[{"href":"https:\/\/sv.ostschule.de\/web\/wp-json\/wp\/v2\/pages\/2053","targetHints":{"allow":["GET"]}}],"collection":[{"href":"https:\/\/sv.ostschule.de\/web\/wp-json\/wp\/v2\/pages"}],"about":[{"href":"https:\/\/sv.ostschule.de\/web\/wp-json\/wp\/v2\/types\/page"}],"author":[{"embeddable":true,"href":"https:\/\/sv.ostschule.de\/web\/wp-json\/wp\/v2\/users\/1"}],"replies":[{"embeddable":true,"href":"https:\/\/sv.ostschule.de\/web\/wp-json\/wp\/v2\/comments?post=2053"}],"version-history":[{"count":10,"href":"https:\/\/sv.ostschule.de\/web\/wp-json\/wp\/v2\/pages\/2053\/revisions"}],"predecessor-version":[{"id":2097,"href":"https:\/\/sv.ostschule.de\/web\/wp-json\/wp\/v2\/pages\/2053\/revisions\/2097"}],"wp:attachment":[{"href":"https:\/\/sv.ostschule.de\/web\/wp-json\/wp\/v2\/media?parent=2053"}],"curies":[{"name":"wp","href":"https:\/\/api.w.org\/{rel}","templated":true}]}}